{"id":400,"date":"2024-05-28T15:50:50","date_gmt":"2024-05-28T13:50:50","guid":{"rendered":"https:\/\/vae-perpignan.fr\/?page_id=400"},"modified":"2025-11-14T11:13:32","modified_gmt":"2025-11-14T10:13:32","slug":"vae-technicien-de-lintervention-sociale-et-familiale","status":"publish","type":"page","link":"https:\/\/vae-perpignan.fr\/index.php\/vae-technicien-de-lintervention-sociale-et-familiale\/","title":{"rendered":"VAE Technicien de l\u2019intervention sociale et familiale"},"content":{"rendered":"<p>[et_pb_section fb_built=&#8221;1&#8243; _builder_version=&#8221;4.27.4&#8243; _module_preset=&#8221;default&#8221; background_enable_color=&#8221;off&#8221; background_image=&#8221;http:\/\/vae-perpignan.fr\/wp-content\/uploads\/2025\/11\/isf.jpg&#8221; custom_padding=&#8221;35px||35px||true|false&#8221; bottom_divider_height=&#8221;50px&#8221; hover_enabled=&#8221;0&#8243; global_colors_info=&#8221;{}&#8221; title_text=&#8221;isf&#8221; parallax=&#8221;on&#8221; sticky_enabled=&#8221;0&#8243;][et_pb_row _builder_version=&#8221;4.23.1&#8243; _module_preset=&#8221;default&#8221; global_colors_info=&#8221;{}&#8221;][et_pb_column type=&#8221;4_4&#8243; _builder_version=&#8221;4.23.1&#8243; _module_preset=&#8221;default&#8221; global_colors_info=&#8221;{}&#8221;][et_pb_text _builder_version=&#8221;4.23.1&#8243; _module_preset=&#8221;b6cb9bd8-0fbd-4699-b58d-51b3d480db23&#8243; header_2_font=&#8221;Annie Use Your Telescope|700|||||||&#8221; header_2_text_align=&#8221;center&#8221; header_2_text_color=&#8221;#FFFFFF&#8221; header_2_font_size=&#8221;61px&#8221; header_2_line_height=&#8221;1.3em&#8221; custom_margin=&#8221;||10px||false|false&#8221; header_2_font_size_tablet=&#8221;32px&#8221; header_2_font_size_phone=&#8221;20px&#8221; header_2_font_size_last_edited=&#8221;on|tablet&#8221; header_2_line_height_tablet=&#8221;1.4em&#8221; header_2_line_height_phone=&#8221;1.6em&#8221; header_2_line_height_last_edited=&#8221;on|tablet&#8221; header_2_text_shadow_style=&#8221;preset3&#8243; locked=&#8221;off&#8221; global_colors_info=&#8221;{}&#8221;]<\/p>\n<h2>VAE Technicien de l\u2019intervention sociale et familiale<\/h2>\n<p>[\/et_pb_text][\/et_pb_column][\/et_pb_row][\/et_pb_section][et_pb_section fb_built=&#8221;1&#8243; prev_background_color=&#8221;#ffffff&#8221; admin_label=&#8221;Services&#8221; _builder_version=&#8221;4.27.4&#8243; background_enable_color=&#8221;off&#8221; use_background_color_gradient=&#8221;on&#8221; background_color_gradient_stops=&#8221;#ffffff 56%|gcid-6e90a7ba-9f6a-49bc-b55d-b1cc4bdc49aa 80%&#8221; background_color_gradient_start=&#8221;#fff6ef&#8221; background_color_gradient_end=&#8221;#ffffff&#8221; background_enable_image=&#8221;off&#8221; background_size=&#8221;initial&#8221; background_position=&#8221;bottom_center&#8221; custom_padding=&#8221;4vw|||||&#8221; top_divider_style=&#8221;wave&#8221; top_divider_height=&#8221;20vw&#8221; hover_enabled=&#8221;0&#8243; global_colors_info=&#8221;{%22gcid-93bd27be-ee8c-4a4c-b05e-12d423f44edd%22:%91%22background_color%22%93,%22gcid-6e90a7ba-9f6a-49bc-b55d-b1cc4bdc49aa%22:%91%22background_color_gradient_stops%22%93}&#8221; sticky_enabled=&#8221;0&#8243;][et_pb_row _builder_version=&#8221;4.27.4&#8243; custom_padding=&#8221;10px|10px|10px|10px|true|true&#8221; hover_enabled=&#8221;0&#8243; global_colors_info=&#8221;{%22gcid-5fc09de2-a372-49da-9db2-141c6c98b008%22:%91%22background_color%22%93}&#8221; background_color=&#8221;gcid-5fc09de2-a372-49da-9db2-141c6c98b008&#8243; sticky_enabled=&#8221;0&#8243;][et_pb_column type=&#8221;4_4&#8243; _builder_version=&#8221;4.16&#8243; custom_padding=&#8221;|||&#8221; global_colors_info=&#8221;{}&#8221; custom_padding__hover=&#8221;|||&#8221;][et_pb_text _builder_version=&#8221;4.27.4&#8243; _module_preset=&#8221;b6cb9bd8-0fbd-4699-b58d-51b3d480db23&#8243; header_2_font=&#8221;Poppins|600|||||||&#8221; header_2_text_color=&#8221;#FFFFFF&#8221; header_2_font_size=&#8221;30px&#8221; header_2_line_height=&#8221;1.3em&#8221; custom_margin=&#8221;||10px||false|false&#8221; hover_enabled=&#8221;0&#8243; header_2_font_size_tablet=&#8221;32px&#8221; header_2_font_size_phone=&#8221;20px&#8221; header_2_font_size_last_edited=&#8221;on|tablet&#8221; header_2_line_height_tablet=&#8221;1.4em&#8221; header_2_line_height_phone=&#8221;1.6em&#8221; header_2_line_height_last_edited=&#8221;on|tablet&#8221; header_2_text_shadow_style=&#8221;preset2&#8243; locked=&#8221;off&#8221; global_colors_info=&#8221;{}&#8221; sticky_enabled=&#8221;0&#8243;]<\/p>\n<h2>La VAE pour le Dipl\u00f4me d&#8217;\u00c9tat de Technicien de l&#8217;Intervention Sociale et Familiale (TISF)<\/h2>\n<p>[\/et_pb_text][\/et_pb_column][\/et_pb_row][et_pb_row _builder_version=&#8221;4.27.4&#8243; background_color=&#8221;#ffffff&#8221; background_size=&#8221;initial&#8221; background_position=&#8221;bottom_right&#8221; custom_padding=&#8221;36px|30px|31px|30px|false|true&#8221; hover_enabled=&#8221;0&#8243; border_radii=&#8221;|10px|10px||&#8221; box_shadow_style=&#8221;preset3&#8243; box_shadow_vertical=&#8221;90px&#8221; box_shadow_blur=&#8221;180px&#8221; box_shadow_spread=&#8221;-30px&#8221; box_shadow_color=&#8221;rgba(0,0,0,0.12)&#8221; global_colors_info=&#8221;{}&#8221; sticky_enabled=&#8221;0&#8243;][et_pb_column type=&#8221;4_4&#8243; _builder_version=&#8221;4.16&#8243; custom_padding=&#8221;|||&#8221; global_colors_info=&#8221;{}&#8221; custom_padding__hover=&#8221;|||&#8221;][et_pb_text _builder_version=&#8221;4.23.1&#8243; _module_preset=&#8221;default&#8221; text_font=&#8221;Poppins||||||||&#8221; text_text_color=&#8221;#000000&#8243; text_font_size=&#8221;15px&#8221; global_colors_info=&#8221;{}&#8221;]Vous \u00eates Technicien de l&#8217;Intervention Sociale et Familiale (TISF) et souhaitez obtenir le DE TISF sans passer par la formation initiale ? La Validation des Acquis de l&#8217;Exp\u00e9rience (VAE) est la solution pour vous !<\/p>\n<p>Medeo Formation vous accompagne dans votre d\u00e9marche VAE DE TISF et vous met toutes les chances de votre c\u00f4t\u00e9 pour r\u00e9ussir.<\/p>\n<p>Le Technicien de l&#8217;Intervention Sociale et Familiale (TISF) est un professionnel du travail social qui intervient aupr\u00e8s des familles et des personnes en situation de fragilit\u00e9. Son objectif est de les aider \u00e0 retrouver leur autonomie et \u00e0 am\u00e9liorer leurs conditions de vie.<\/p>\n<p>Le TISF exerce ses missions \u00e0 domicile, dans les cr\u00e8ches, les centres sociaux, les institutions m\u00e9dico-sociales et les associations. Il travaille en \u00e9troite collaboration avec les familles, les travailleurs sociaux, les psychologues, les \u00e9ducateurs et les autres professionnels du secteur social et m\u00e9dico-social.<\/p>\n<p>Le DE TISF : un dipl\u00f4me reconnu pour un m\u00e9tier porteur de sens.<\/p>\n<p>Le DE TISF est un dipl\u00f4me d&#8217;\u00c9tat de niveau 4 qui atteste des comp\u00e9tences n\u00e9cessaires pour accompagner et soutenir les familles et les personnes en situation de fragilit\u00e9.<br \/>\nLes TISF interviennent \u00e0 domicile, en cr\u00e8che, en centre social ou encore en institution m\u00e9dico-sociale.<\/p>\n<p>Le TISF est un professionnel de l&#8217;\u00e9coute et du relationnel. Il doit \u00eatre capable de faire preuve d&#8217;empathie, de bienveillance, de rigueur et de m\u00e9thodologie. Il doit \u00e9galement avoir une bonne connaissance des questions sociales et des politiques publiques.<\/p>\n<p>Le m\u00e9tier de TISF est un m\u00e9tier socialement utile et valorisant. Il permet d&#8217;agir concr\u00e8tement pour am\u00e9liorer la vie des personnes et des familles en difficult\u00e9.<\/p>\n<p>Voici les principales missions du TISF :<br \/>\nAide \u00e0 la vie quotidienne<br \/>\nSoutien psychologique et social<br \/>\nSoutien \u00e0 la parentalit\u00e9<br \/>\nSurveillance et pr\u00e9vention<\/p>\n<p>Le TISF travaille en collaboration avec une \u00e9quipe pluridisciplinaire (m\u00e9decin traitant, assistante sociale, psychologue&#8230;) pour mettre en place un projet d&#8217;intervention individualis\u00e9, adapt\u00e9 aux besoins sp\u00e9cifiques de chaque personne ou famille.<\/p>\n<p>Medeo Formation : votre partenaire pour une VAE DE TISF r\u00e9ussie<\/p>\n<p>Donnez un nouvel \u00e9lan \u00e0 votre carri\u00e8re ! Contactez Medeo Formation d\u00e8s aujourd&#8217;hui et b\u00e9n\u00e9ficiez d&#8217;un accompagnement VAE efficace pour obtenir votre DE TISF.<\/p>\n<p>Medeo Formation, la cl\u00e9 de votre r\u00e9ussite dans la VAE DE TISF ![\/et_pb_text][\/et_pb_column][\/et_pb_row][\/et_pb_section]<\/p>\n","protected":false},"excerpt":{"rendered":"<p>VAE Technicien de l\u2019intervention sociale et familialeLa VAE pour le Dipl\u00f4me d&#8217;\u00c9tat de Technicien de l&#8217;Intervention Sociale et Familiale (TISF)Vous \u00eates Technicien de l&#8217;Intervention Sociale et Familiale (TISF) et souhaitez obtenir le DE TISF sans passer par la formation initiale ? La Validation des Acquis de l&#8217;Exp\u00e9rience (VAE) est la solution pour vous ! Medeo [&hellip;]<\/p>\n","protected":false},"author":1,"featured_media":0,"parent":0,"menu_order":0,"comment_status":"closed","ping_status":"closed","template":"","meta":{"_et_pb_use_builder":"on","_et_pb_old_content":"","_et_gb_content_width":"","footnotes":""},"class_list":["post-400","page","type-page","status-publish","hentry"],"yoast_head":"<!-- This site is optimized with the Yoast SEO plugin v27.3 - https:\/\/yoast.com\/product\/yoast-seo-wordpress\/ -->\n<title>VAE Technicien de l\u2019intervention sociale et familiale - VAE PERPIGNAN<\/title>\n<meta name=\"robots\" content=\"index, follow, max-snippet:-1, max-image-preview:large, max-video-preview:-1\" \/>\n<link rel=\"canonical\" href=\"https:\/\/vae-perpignan.fr\/index.php\/vae-technicien-de-lintervention-sociale-et-familiale\/\" \/>\n<meta property=\"og:locale\" content=\"en_US\" \/>\n<meta property=\"og:type\" content=\"article\" \/>\n<meta property=\"og:title\" content=\"VAE Technicien de l\u2019intervention sociale et familiale - VAE PERPIGNAN\" \/>\n<meta property=\"og:description\" content=\"VAE Technicien de l\u2019intervention sociale et familialeLa VAE pour le Dipl\u00f4me d&#039;\u00c9tat de Technicien de l&#039;Intervention Sociale et Familiale (TISF)Vous \u00eates Technicien de l&#039;Intervention Sociale et Familiale (TISF) et souhaitez obtenir le DE TISF sans passer par la formation initiale ? La Validation des Acquis de l&#039;Exp\u00e9rience (VAE) est la solution pour vous ! Medeo [&hellip;]\" \/>\n<meta property=\"og:url\" content=\"https:\/\/vae-perpignan.fr\/index.php\/vae-technicien-de-lintervention-sociale-et-familiale\/\" \/>\n<meta property=\"og:site_name\" content=\"VAE PERPIGNAN\" \/>\n<meta property=\"article:modified_time\" content=\"2025-11-14T10:13:32+00:00\" \/>\n<script type=\"application\/ld+json\" class=\"yoast-schema-graph\">{\"@context\":\"https:\\\/\\\/schema.org\",\"@graph\":[{\"@type\":\"WebPage\",\"@id\":\"https:\\\/\\\/vae-perpignan.fr\\\/index.php\\\/vae-technicien-de-lintervention-sociale-et-familiale\\\/\",\"url\":\"https:\\\/\\\/vae-perpignan.fr\\\/index.php\\\/vae-technicien-de-lintervention-sociale-et-familiale\\\/\",\"name\":\"VAE Technicien de l\u2019intervention sociale et familiale - VAE PERPIGNAN\",\"isPartOf\":{\"@id\":\"https:\\\/\\\/vae-perpignan.fr\\\/#website\"},\"datePublished\":\"2024-05-28T13:50:50+00:00\",\"dateModified\":\"2025-11-14T10:13:32+00:00\",\"breadcrumb\":{\"@id\":\"https:\\\/\\\/vae-perpignan.fr\\\/index.php\\\/vae-technicien-de-lintervention-sociale-et-familiale\\\/#breadcrumb\"},\"inLanguage\":\"en-US\",\"potentialAction\":[{\"@type\":\"ReadAction\",\"target\":[\"https:\\\/\\\/vae-perpignan.fr\\\/index.php\\\/vae-technicien-de-lintervention-sociale-et-familiale\\\/\"]}]},{\"@type\":\"BreadcrumbList\",\"@id\":\"https:\\\/\\\/vae-perpignan.fr\\\/index.php\\\/vae-technicien-de-lintervention-sociale-et-familiale\\\/#breadcrumb\",\"itemListElement\":[{\"@type\":\"ListItem\",\"position\":1,\"name\":\"Accueil\",\"item\":\"https:\\\/\\\/vae-perpignan.fr\\\/\"},{\"@type\":\"ListItem\",\"position\":2,\"name\":\"VAE Technicien de l\u2019intervention sociale et familiale\"}]},{\"@type\":\"WebSite\",\"@id\":\"https:\\\/\\\/vae-perpignan.fr\\\/#website\",\"url\":\"https:\\\/\\\/vae-perpignan.fr\\\/\",\"name\":\"VAE PERPIGNAN\",\"description\":\"Validation des acquis\",\"publisher\":{\"@id\":\"https:\\\/\\\/vae-perpignan.fr\\\/#organization\"},\"potentialAction\":[{\"@type\":\"SearchAction\",\"target\":{\"@type\":\"EntryPoint\",\"urlTemplate\":\"https:\\\/\\\/vae-perpignan.fr\\\/?s={search_term_string}\"},\"query-input\":{\"@type\":\"PropertyValueSpecification\",\"valueRequired\":true,\"valueName\":\"search_term_string\"}}],\"inLanguage\":\"en-US\"},{\"@type\":\"Organization\",\"@id\":\"https:\\\/\\\/vae-perpignan.fr\\\/#organization\",\"name\":\"VAE PERPIGNAN\",\"url\":\"https:\\\/\\\/vae-perpignan.fr\\\/\",\"logo\":{\"@type\":\"ImageObject\",\"inLanguage\":\"en-US\",\"@id\":\"https:\\\/\\\/vae-perpignan.fr\\\/#\\\/schema\\\/logo\\\/image\\\/\",\"url\":\"https:\\\/\\\/vae-perpignan.fr\\\/wp-content\\\/uploads\\\/2025\\\/11\\\/logo.jpg\",\"contentUrl\":\"https:\\\/\\\/vae-perpignan.fr\\\/wp-content\\\/uploads\\\/2025\\\/11\\\/logo.jpg\",\"width\":512,\"height\":512,\"caption\":\"VAE PERPIGNAN\"},\"image\":{\"@id\":\"https:\\\/\\\/vae-perpignan.fr\\\/#\\\/schema\\\/logo\\\/image\\\/\"}}]}<\/script>\n<!-- \/ Yoast SEO plugin. -->","yoast_head_json":{"title":"VAE Technicien de l\u2019intervention sociale et familiale - VAE PERPIGNAN","robots":{"index":"index","follow":"follow","max-snippet":"max-snippet:-1","max-image-preview":"max-image-preview:large","max-video-preview":"max-video-preview:-1"},"canonical":"https:\/\/vae-perpignan.fr\/index.php\/vae-technicien-de-lintervention-sociale-et-familiale\/","og_locale":"en_US","og_type":"article","og_title":"VAE Technicien de l\u2019intervention sociale et familiale - VAE PERPIGNAN","og_description":"VAE Technicien de l\u2019intervention sociale et familialeLa VAE pour le Dipl\u00f4me d'\u00c9tat de Technicien de l'Intervention Sociale et Familiale (TISF)Vous \u00eates Technicien de l'Intervention Sociale et Familiale (TISF) et souhaitez obtenir le DE TISF sans passer par la formation initiale ? La Validation des Acquis de l'Exp\u00e9rience (VAE) est la solution pour vous ! Medeo [&hellip;]","og_url":"https:\/\/vae-perpignan.fr\/index.php\/vae-technicien-de-lintervention-sociale-et-familiale\/","og_site_name":"VAE PERPIGNAN","article_modified_time":"2025-11-14T10:13:32+00:00","schema":{"@context":"https:\/\/schema.org","@graph":[{"@type":"WebPage","@id":"https:\/\/vae-perpignan.fr\/index.php\/vae-technicien-de-lintervention-sociale-et-familiale\/","url":"https:\/\/vae-perpignan.fr\/index.php\/vae-technicien-de-lintervention-sociale-et-familiale\/","name":"VAE Technicien de l\u2019intervention sociale et familiale - VAE PERPIGNAN","isPartOf":{"@id":"https:\/\/vae-perpignan.fr\/#website"},"datePublished":"2024-05-28T13:50:50+00:00","dateModified":"2025-11-14T10:13:32+00:00","breadcrumb":{"@id":"https:\/\/vae-perpignan.fr\/index.php\/vae-technicien-de-lintervention-sociale-et-familiale\/#breadcrumb"},"inLanguage":"en-US","potentialAction":[{"@type":"ReadAction","target":["https:\/\/vae-perpignan.fr\/index.php\/vae-technicien-de-lintervention-sociale-et-familiale\/"]}]},{"@type":"BreadcrumbList","@id":"https:\/\/vae-perpignan.fr\/index.php\/vae-technicien-de-lintervention-sociale-et-familiale\/#breadcrumb","itemListElement":[{"@type":"ListItem","position":1,"name":"Accueil","item":"https:\/\/vae-perpignan.fr\/"},{"@type":"ListItem","position":2,"name":"VAE Technicien de l\u2019intervention sociale et familiale"}]},{"@type":"WebSite","@id":"https:\/\/vae-perpignan.fr\/#website","url":"https:\/\/vae-perpignan.fr\/","name":"VAE PERPIGNAN","description":"Validation des acquis","publisher":{"@id":"https:\/\/vae-perpignan.fr\/#organization"},"potentialAction":[{"@type":"SearchAction","target":{"@type":"EntryPoint","urlTemplate":"https:\/\/vae-perpignan.fr\/?s={search_term_string}"},"query-input":{"@type":"PropertyValueSpecification","valueRequired":true,"valueName":"search_term_string"}}],"inLanguage":"en-US"},{"@type":"Organization","@id":"https:\/\/vae-perpignan.fr\/#organization","name":"VAE PERPIGNAN","url":"https:\/\/vae-perpignan.fr\/","logo":{"@type":"ImageObject","inLanguage":"en-US","@id":"https:\/\/vae-perpignan.fr\/#\/schema\/logo\/image\/","url":"https:\/\/vae-perpignan.fr\/wp-content\/uploads\/2025\/11\/logo.jpg","contentUrl":"https:\/\/vae-perpignan.fr\/wp-content\/uploads\/2025\/11\/logo.jpg","width":512,"height":512,"caption":"VAE PERPIGNAN"},"image":{"@id":"https:\/\/vae-perpignan.fr\/#\/schema\/logo\/image\/"}}]}},"_links":{"self":[{"href":"https:\/\/vae-perpignan.fr\/index.php\/wp-json\/wp\/v2\/pages\/400","targetHints":{"allow":["GET"]}}],"collection":[{"href":"https:\/\/vae-perpignan.fr\/index.php\/wp-json\/wp\/v2\/pages"}],"about":[{"href":"https:\/\/vae-perpignan.fr\/index.php\/wp-json\/wp\/v2\/types\/page"}],"author":[{"embeddable":true,"href":"https:\/\/vae-perpignan.fr\/index.php\/wp-json\/wp\/v2\/users\/1"}],"replies":[{"embeddable":true,"href":"https:\/\/vae-perpignan.fr\/index.php\/wp-json\/wp\/v2\/comments?post=400"}],"version-history":[{"count":5,"href":"https:\/\/vae-perpignan.fr\/index.php\/wp-json\/wp\/v2\/pages\/400\/revisions"}],"predecessor-version":[{"id":987511833,"href":"https:\/\/vae-perpignan.fr\/index.php\/wp-json\/wp\/v2\/pages\/400\/revisions\/987511833"}],"wp:attachment":[{"href":"https:\/\/vae-perpignan.fr\/index.php\/wp-json\/wp\/v2\/media?parent=400"}],"curies":[{"name":"wp","href":"https:\/\/api.w.org\/{rel}","templated":true}]}}