{"id":395,"date":"2024-05-28T15:44:24","date_gmt":"2024-05-28T13:44:24","guid":{"rendered":"https:\/\/vae-perpignan.fr\/?page_id=395"},"modified":"2025-11-14T11:33:41","modified_gmt":"2025-11-14T10:33:41","slug":"vae-dassistant-de-service-social","status":"publish","type":"page","link":"https:\/\/vae-perpignan.fr\/index.php\/vae-dassistant-de-service-social\/","title":{"rendered":"VAE D\u2019Assistant de service social"},"content":{"rendered":"<p>[et_pb_section fb_built=&#8221;1&#8243; _builder_version=&#8221;4.27.4&#8243; _module_preset=&#8221;default&#8221; background_enable_color=&#8221;off&#8221; background_image=&#8221;http:\/\/vae-perpignan.fr\/wp-content\/uploads\/2025\/11\/ASS.jpg&#8221; parallax=&#8221;on&#8221; custom_padding=&#8221;35px||35px||true|false&#8221; bottom_divider_height=&#8221;21px&#8221; hover_enabled=&#8221;0&#8243; global_colors_info=&#8221;{%22gcid-5fc09de2-a372-49da-9db2-141c6c98b008%22:%91%22background_color%22%93}&#8221; title_text=&#8221;ASS&#8221; sticky_enabled=&#8221;0&#8243;][et_pb_row _builder_version=&#8221;4.23.1&#8243; _module_preset=&#8221;default&#8221; global_colors_info=&#8221;{}&#8221;][et_pb_column type=&#8221;4_4&#8243; _builder_version=&#8221;4.23.1&#8243; _module_preset=&#8221;default&#8221; global_colors_info=&#8221;{}&#8221;][et_pb_text _builder_version=&#8221;4.23.1&#8243; _module_preset=&#8221;b6cb9bd8-0fbd-4699-b58d-51b3d480db23&#8243; header_2_font=&#8221;Annie Use Your Telescope|700|||||||&#8221; header_2_text_align=&#8221;center&#8221; header_2_text_color=&#8221;#FFFFFF&#8221; header_2_font_size=&#8221;79px&#8221; header_2_line_height=&#8221;1.3em&#8221; custom_margin=&#8221;||10px||false|false&#8221; header_2_font_size_tablet=&#8221;32px&#8221; header_2_font_size_phone=&#8221;20px&#8221; header_2_font_size_last_edited=&#8221;on|tablet&#8221; header_2_line_height_tablet=&#8221;1.4em&#8221; header_2_line_height_phone=&#8221;1.6em&#8221; header_2_line_height_last_edited=&#8221;on|tablet&#8221; header_2_text_shadow_style=&#8221;preset3&#8243; locked=&#8221;off&#8221; global_colors_info=&#8221;{}&#8221;]<\/p>\n<h2>VAE D\u2019Assistant de service social<\/h2>\n<p>[\/et_pb_text][\/et_pb_column][\/et_pb_row][\/et_pb_section][et_pb_section fb_built=&#8221;1&#8243; prev_background_color=&#8221;#ffffff&#8221; admin_label=&#8221;Services&#8221; _builder_version=&#8221;4.27.4&#8243; background_color=&#8221;#FFFFFF&#8221; use_background_color_gradient=&#8221;on&#8221; background_color_gradient_stops=&#8221;#ffffff 56%|gcid-6e90a7ba-9f6a-49bc-b55d-b1cc4bdc49aa 85%&#8221; background_color_gradient_start=&#8221;#fff6ef&#8221; background_color_gradient_end=&#8221;#ffffff&#8221; background_enable_image=&#8221;off&#8221; background_size=&#8221;initial&#8221; background_position=&#8221;bottom_center&#8221; custom_padding=&#8221;4vw|||||&#8221; top_divider_style=&#8221;wave&#8221; top_divider_height=&#8221;20vw&#8221; global_colors_info=&#8221;{%22gcid-6e90a7ba-9f6a-49bc-b55d-b1cc4bdc49aa%22:%91%22background_color_gradient_stops%22%93}&#8221;][et_pb_row _builder_version=&#8221;4.27.4&#8243; background_color=&#8221;gcid-5fc09de2-a372-49da-9db2-141c6c98b008&#8243; custom_padding=&#8221;10px|10px|10px|10px|true|true&#8221; global_colors_info=&#8221;{%22gcid-5fc09de2-a372-49da-9db2-141c6c98b008%22:%91%22background_color%22%93}&#8221;][et_pb_column type=&#8221;4_4&#8243; _builder_version=&#8221;4.16&#8243; custom_padding=&#8221;|||&#8221; global_colors_info=&#8221;{}&#8221; custom_padding__hover=&#8221;|||&#8221;][et_pb_text _builder_version=&#8221;4.27.4&#8243; _module_preset=&#8221;b6cb9bd8-0fbd-4699-b58d-51b3d480db23&#8243; header_2_font=&#8221;Poppins|600|||||||&#8221; header_2_text_color=&#8221;#FFFFFF&#8221; header_2_font_size=&#8221;30px&#8221; header_2_line_height=&#8221;1.3em&#8221; custom_margin=&#8221;||10px||false|false&#8221; header_2_font_size_tablet=&#8221;32px&#8221; header_2_font_size_phone=&#8221;20px&#8221; header_2_font_size_last_edited=&#8221;on|tablet&#8221; header_2_line_height_tablet=&#8221;1.4em&#8221; header_2_line_height_phone=&#8221;1.6em&#8221; header_2_line_height_last_edited=&#8221;on|tablet&#8221; header_2_text_shadow_style=&#8221;preset2&#8243; locked=&#8221;off&#8221; global_colors_info=&#8221;{}&#8221;]<\/p>\n<h2>Valorisez votre exp\u00e9rience : VAE Assistant de Service Social avec Medeo Formation<\/h2>\n<p>[\/et_pb_text][\/et_pb_column][\/et_pb_row][et_pb_row _builder_version=&#8221;4.27.4&#8243; background_color=&#8221;#ffffff&#8221; background_size=&#8221;initial&#8221; background_position=&#8221;bottom_right&#8221; custom_padding=&#8221;36px|30px|31px|30px|false|true&#8221; border_radii=&#8221;|10px|10px||&#8221; box_shadow_style=&#8221;preset3&#8243; box_shadow_vertical=&#8221;90px&#8221; box_shadow_blur=&#8221;180px&#8221; box_shadow_spread=&#8221;-30px&#8221; box_shadow_color=&#8221;rgba(0,0,0,0.12)&#8221; global_colors_info=&#8221;{}&#8221;][et_pb_column type=&#8221;4_4&#8243; _builder_version=&#8221;4.16&#8243; custom_padding=&#8221;|||&#8221; global_colors_info=&#8221;{}&#8221; custom_padding__hover=&#8221;|||&#8221;][et_pb_text _builder_version=&#8221;4.23.1&#8243; _module_preset=&#8221;default&#8221; text_font=&#8221;Poppins||||||||&#8221; text_text_color=&#8221;#000000&#8243; text_font_size=&#8221;15px&#8221; global_colors_info=&#8221;{}&#8221;]Medeo Formation vous accompagne pas \u00e0 pas dans votre d\u00e9marche VAE Assistant de Service Social et vous met toutes les chances de votre c\u00f4t\u00e9 pour d\u00e9crocher votre dipl\u00f4me.<\/p>\n<p>L&#8217;ASS intervient aupr\u00e8s de personnes en situation de difficult\u00e9 (pr\u00e9carit\u00e9 sociale, exclusion, handicap, \u2026) afin de les aider \u00e0 retrouver leur autonomie et \u00e0 s&#8217;ins\u00e9rer dans la soci\u00e9t\u00e9.<\/p>\n<p>Ses missions principales sont les suivantes :<br \/>\n\u00c9valuer la situation des personnes<br \/>\n\u00c9laborer un projet d&#8217;accompagnement individualis\u00e9<br \/>\nMettre en \u0153uvre le projet d&#8217;accompagnement<br \/>\nAssurer le suivi de l&#8217;accompagnement <\/p>\n<p>L&#8217;ASS est un professionnel de l&#8217;\u00e9coute et du relationnel. Il doit \u00eatre capable de faire preuve d&#8217;empathie, de rigueur et de m\u00e9thodologie. Il doit \u00e9galement avoir une bonne connaissance des questions sociales et des politiques publiques.<\/p>\n<p>Le DEASS : un s\u00e9same pour les carri\u00e8res du social<\/p>\n<p>Le DEASS est un dipl\u00f4me d&#8217;\u00c9tat qui atteste des comp\u00e9tences n\u00e9cessaires pour exercer en tant qu&#8217;Assistant de Service Social aupr\u00e8s de publics fragilis\u00e9s (enfants, personnes \u00e2g\u00e9es, en situation de handicap) et dans des structures vari\u00e9es (centres sociaux, h\u00f4pitaux, associations).<\/p>\n<p>Donnez un nouvel \u00e9lan \u00e0 votre carri\u00e8re ! Contactez Medeo Formation d\u00e8s aujourd&#8217;hui et b\u00e9n\u00e9ficiez d&#8217;un accompagnement VAE efficace pour obtenir votre DEASS.<\/p>\n<p>Medeo Formation, la cl\u00e9 de votre r\u00e9ussite dans la VAE Assistant de Service Social ![\/et_pb_text][\/et_pb_column][\/et_pb_row][\/et_pb_section]<\/p>\n","protected":false},"excerpt":{"rendered":"<p>VAE D\u2019Assistant de service socialValorisez votre exp\u00e9rience : VAE Assistant de Service Social avec Medeo FormationMedeo Formation vous accompagne pas \u00e0 pas dans votre d\u00e9marche VAE Assistant de Service Social et vous met toutes les chances de votre c\u00f4t\u00e9 pour d\u00e9crocher votre dipl\u00f4me. L&#8217;ASS intervient aupr\u00e8s de personnes en situation de difficult\u00e9 (pr\u00e9carit\u00e9 sociale, exclusion, [&hellip;]<\/p>\n","protected":false},"author":1,"featured_media":0,"parent":0,"menu_order":0,"comment_status":"closed","ping_status":"closed","template":"","meta":{"_et_pb_use_builder":"on","_et_pb_old_content":"","_et_gb_content_width":"","footnotes":""},"class_list":["post-395","page","type-page","status-publish","hentry"],"yoast_head":"<!-- This site is optimized with the Yoast SEO plugin v27.3 - https:\/\/yoast.com\/product\/yoast-seo-wordpress\/ -->\n<title>VAE D\u2019Assistant de service social - VAE PERPIGNAN<\/title>\n<meta name=\"robots\" content=\"index, follow, max-snippet:-1, max-image-preview:large, max-video-preview:-1\" \/>\n<link rel=\"canonical\" href=\"https:\/\/vae-perpignan.fr\/index.php\/vae-dassistant-de-service-social\/\" \/>\n<meta property=\"og:locale\" content=\"en_US\" \/>\n<meta property=\"og:type\" content=\"article\" \/>\n<meta property=\"og:title\" content=\"VAE D\u2019Assistant de service social - VAE PERPIGNAN\" \/>\n<meta property=\"og:description\" content=\"VAE D\u2019Assistant de service socialValorisez votre exp\u00e9rience : VAE Assistant de Service Social avec Medeo FormationMedeo Formation vous accompagne pas \u00e0 pas dans votre d\u00e9marche VAE Assistant de Service Social et vous met toutes les chances de votre c\u00f4t\u00e9 pour d\u00e9crocher votre dipl\u00f4me. L&#039;ASS intervient aupr\u00e8s de personnes en situation de difficult\u00e9 (pr\u00e9carit\u00e9 sociale, exclusion, [&hellip;]\" \/>\n<meta property=\"og:url\" content=\"https:\/\/vae-perpignan.fr\/index.php\/vae-dassistant-de-service-social\/\" \/>\n<meta property=\"og:site_name\" content=\"VAE PERPIGNAN\" \/>\n<meta property=\"article:modified_time\" content=\"2025-11-14T10:33:41+00:00\" \/>\n<script type=\"application\/ld+json\" class=\"yoast-schema-graph\">{\"@context\":\"https:\\\/\\\/schema.org\",\"@graph\":[{\"@type\":\"WebPage\",\"@id\":\"https:\\\/\\\/vae-perpignan.fr\\\/index.php\\\/vae-dassistant-de-service-social\\\/\",\"url\":\"https:\\\/\\\/vae-perpignan.fr\\\/index.php\\\/vae-dassistant-de-service-social\\\/\",\"name\":\"VAE D\u2019Assistant de service social - VAE PERPIGNAN\",\"isPartOf\":{\"@id\":\"https:\\\/\\\/vae-perpignan.fr\\\/#website\"},\"datePublished\":\"2024-05-28T13:44:24+00:00\",\"dateModified\":\"2025-11-14T10:33:41+00:00\",\"breadcrumb\":{\"@id\":\"https:\\\/\\\/vae-perpignan.fr\\\/index.php\\\/vae-dassistant-de-service-social\\\/#breadcrumb\"},\"inLanguage\":\"en-US\",\"potentialAction\":[{\"@type\":\"ReadAction\",\"target\":[\"https:\\\/\\\/vae-perpignan.fr\\\/index.php\\\/vae-dassistant-de-service-social\\\/\"]}]},{\"@type\":\"BreadcrumbList\",\"@id\":\"https:\\\/\\\/vae-perpignan.fr\\\/index.php\\\/vae-dassistant-de-service-social\\\/#breadcrumb\",\"itemListElement\":[{\"@type\":\"ListItem\",\"position\":1,\"name\":\"Accueil\",\"item\":\"https:\\\/\\\/vae-perpignan.fr\\\/\"},{\"@type\":\"ListItem\",\"position\":2,\"name\":\"VAE D\u2019Assistant de service social\"}]},{\"@type\":\"WebSite\",\"@id\":\"https:\\\/\\\/vae-perpignan.fr\\\/#website\",\"url\":\"https:\\\/\\\/vae-perpignan.fr\\\/\",\"name\":\"VAE PERPIGNAN\",\"description\":\"Validation des acquis\",\"publisher\":{\"@id\":\"https:\\\/\\\/vae-perpignan.fr\\\/#organization\"},\"potentialAction\":[{\"@type\":\"SearchAction\",\"target\":{\"@type\":\"EntryPoint\",\"urlTemplate\":\"https:\\\/\\\/vae-perpignan.fr\\\/?s={search_term_string}\"},\"query-input\":{\"@type\":\"PropertyValueSpecification\",\"valueRequired\":true,\"valueName\":\"search_term_string\"}}],\"inLanguage\":\"en-US\"},{\"@type\":\"Organization\",\"@id\":\"https:\\\/\\\/vae-perpignan.fr\\\/#organization\",\"name\":\"VAE PERPIGNAN\",\"url\":\"https:\\\/\\\/vae-perpignan.fr\\\/\",\"logo\":{\"@type\":\"ImageObject\",\"inLanguage\":\"en-US\",\"@id\":\"https:\\\/\\\/vae-perpignan.fr\\\/#\\\/schema\\\/logo\\\/image\\\/\",\"url\":\"https:\\\/\\\/vae-perpignan.fr\\\/wp-content\\\/uploads\\\/2025\\\/11\\\/logo.jpg\",\"contentUrl\":\"https:\\\/\\\/vae-perpignan.fr\\\/wp-content\\\/uploads\\\/2025\\\/11\\\/logo.jpg\",\"width\":512,\"height\":512,\"caption\":\"VAE PERPIGNAN\"},\"image\":{\"@id\":\"https:\\\/\\\/vae-perpignan.fr\\\/#\\\/schema\\\/logo\\\/image\\\/\"}}]}<\/script>\n<!-- \/ Yoast SEO plugin. -->","yoast_head_json":{"title":"VAE D\u2019Assistant de service social - VAE PERPIGNAN","robots":{"index":"index","follow":"follow","max-snippet":"max-snippet:-1","max-image-preview":"max-image-preview:large","max-video-preview":"max-video-preview:-1"},"canonical":"https:\/\/vae-perpignan.fr\/index.php\/vae-dassistant-de-service-social\/","og_locale":"en_US","og_type":"article","og_title":"VAE D\u2019Assistant de service social - VAE PERPIGNAN","og_description":"VAE D\u2019Assistant de service socialValorisez votre exp\u00e9rience : VAE Assistant de Service Social avec Medeo FormationMedeo Formation vous accompagne pas \u00e0 pas dans votre d\u00e9marche VAE Assistant de Service Social et vous met toutes les chances de votre c\u00f4t\u00e9 pour d\u00e9crocher votre dipl\u00f4me. L'ASS intervient aupr\u00e8s de personnes en situation de difficult\u00e9 (pr\u00e9carit\u00e9 sociale, exclusion, [&hellip;]","og_url":"https:\/\/vae-perpignan.fr\/index.php\/vae-dassistant-de-service-social\/","og_site_name":"VAE PERPIGNAN","article_modified_time":"2025-11-14T10:33:41+00:00","schema":{"@context":"https:\/\/schema.org","@graph":[{"@type":"WebPage","@id":"https:\/\/vae-perpignan.fr\/index.php\/vae-dassistant-de-service-social\/","url":"https:\/\/vae-perpignan.fr\/index.php\/vae-dassistant-de-service-social\/","name":"VAE D\u2019Assistant de service social - VAE PERPIGNAN","isPartOf":{"@id":"https:\/\/vae-perpignan.fr\/#website"},"datePublished":"2024-05-28T13:44:24+00:00","dateModified":"2025-11-14T10:33:41+00:00","breadcrumb":{"@id":"https:\/\/vae-perpignan.fr\/index.php\/vae-dassistant-de-service-social\/#breadcrumb"},"inLanguage":"en-US","potentialAction":[{"@type":"ReadAction","target":["https:\/\/vae-perpignan.fr\/index.php\/vae-dassistant-de-service-social\/"]}]},{"@type":"BreadcrumbList","@id":"https:\/\/vae-perpignan.fr\/index.php\/vae-dassistant-de-service-social\/#breadcrumb","itemListElement":[{"@type":"ListItem","position":1,"name":"Accueil","item":"https:\/\/vae-perpignan.fr\/"},{"@type":"ListItem","position":2,"name":"VAE D\u2019Assistant de service social"}]},{"@type":"WebSite","@id":"https:\/\/vae-perpignan.fr\/#website","url":"https:\/\/vae-perpignan.fr\/","name":"VAE PERPIGNAN","description":"Validation des acquis","publisher":{"@id":"https:\/\/vae-perpignan.fr\/#organization"},"potentialAction":[{"@type":"SearchAction","target":{"@type":"EntryPoint","urlTemplate":"https:\/\/vae-perpignan.fr\/?s={search_term_string}"},"query-input":{"@type":"PropertyValueSpecification","valueRequired":true,"valueName":"search_term_string"}}],"inLanguage":"en-US"},{"@type":"Organization","@id":"https:\/\/vae-perpignan.fr\/#organization","name":"VAE PERPIGNAN","url":"https:\/\/vae-perpignan.fr\/","logo":{"@type":"ImageObject","inLanguage":"en-US","@id":"https:\/\/vae-perpignan.fr\/#\/schema\/logo\/image\/","url":"https:\/\/vae-perpignan.fr\/wp-content\/uploads\/2025\/11\/logo.jpg","contentUrl":"https:\/\/vae-perpignan.fr\/wp-content\/uploads\/2025\/11\/logo.jpg","width":512,"height":512,"caption":"VAE PERPIGNAN"},"image":{"@id":"https:\/\/vae-perpignan.fr\/#\/schema\/logo\/image\/"}}]}},"_links":{"self":[{"href":"https:\/\/vae-perpignan.fr\/index.php\/wp-json\/wp\/v2\/pages\/395","targetHints":{"allow":["GET"]}}],"collection":[{"href":"https:\/\/vae-perpignan.fr\/index.php\/wp-json\/wp\/v2\/pages"}],"about":[{"href":"https:\/\/vae-perpignan.fr\/index.php\/wp-json\/wp\/v2\/types\/page"}],"author":[{"embeddable":true,"href":"https:\/\/vae-perpignan.fr\/index.php\/wp-json\/wp\/v2\/users\/1"}],"replies":[{"embeddable":true,"href":"https:\/\/vae-perpignan.fr\/index.php\/wp-json\/wp\/v2\/comments?post=395"}],"version-history":[{"count":7,"href":"https:\/\/vae-perpignan.fr\/index.php\/wp-json\/wp\/v2\/pages\/395\/revisions"}],"predecessor-version":[{"id":987511844,"href":"https:\/\/vae-perpignan.fr\/index.php\/wp-json\/wp\/v2\/pages\/395\/revisions\/987511844"}],"wp:attachment":[{"href":"https:\/\/vae-perpignan.fr\/index.php\/wp-json\/wp\/v2\/media?parent=395"}],"curies":[{"name":"wp","href":"https:\/\/api.w.org\/{rel}","templated":true}]}}